{"id":14,"date":"2025-10-04T14:57:15","date_gmt":"2025-10-04T14:57:15","guid":{"rendered":"https:\/\/saludenfit.com\/?page_id=14"},"modified":"2025-10-04T14:57:29","modified_gmt":"2025-10-04T14:57:29","slug":"sobre-nosotros","status":"publish","type":"page","link":"https:\/\/saludenfit.com\/?page_id=14","title":{"rendered":"Sobre Nosotros"},"content":{"rendered":"<p>En <em><strong>SaludEnFit<\/strong> <\/em>creemos que la salud es un equilibrio entre tu mente y tu cuerpo. Nuestro objetivo es compartir informacion de alta evidencia y confiabilidad, asi como consejos f\u00e1ciles de poner en pr\u00e1ctica y rutinas \u00f3ptimas que te har\u00e1n sentir saludable y con mejor\u00eda en todos los aspectos.<\/p>\n<p>Sabemos que, en medio de tantas modas y consejos contradictorios, muchas personas sienten confusi\u00f3n al momento de cuidar su salud. Por eso, nuestro compromiso es ofrecerte contenidos basados en evidencia, pr\u00e1cticos y realistas, que puedas adaptar a tu d\u00eda a d\u00eda sin complicaciones.<\/p>\n<p><strong>Aqu\u00ed podr\u00e1s encontrar:<\/strong><\/p>\n<ul>\n<li><strong>Consejos de nutrici\u00f3n que te ayudar\u00e1n a mejorar tu alimentaci\u00f3n sin necesidad de dietas extremas.<\/strong><\/li>\n<li><strong>Rutinas de ejercicio y entrenamiento pensadas tanto para principiantes como para quienes ya tienen experiencia en el fitness.<\/strong><\/li>\n<li><strong>Estrategias de bienestar y estilo de vida para manejar el estr\u00e9s, mejorar tu descanso y mantener un equilibrio entre cuerpo y mente.<\/strong><\/li>\n<\/ul>\n<p>Nuestra misi\u00f3n es ser una fuente de motivaci\u00f3n e inspiraci\u00f3n para que logres tus metas de salud y fitness de manera sostenible. Porque creemos que cada peque\u00f1o paso hacia el autocuidado cuenta, y que todos merecemos sentirnos bien en nuestra propia piel.<\/p>\n<p>\u00a1Bienvenido\/a a Salud en Fit! Tu espacio para aprender, crecer, transformar tu vida con h\u00e1bitos que realmente funcionan y que te haran sentir feliz por dentro y por fuera.<\/p>\n","protected":false},"excerpt":{"rendered":"<p>En SaludEnFit creemos que la salud es un equilibrio entre tu mente y tu cuerpo. Nuestro objetivo es compartir informacion de alta evidencia y confiabilidad, asi como consejos f\u00e1ciles de poner en pr\u00e1ctica y rutinas \u00f3ptimas que te har\u00e1n sentir saludable y con mejor\u00eda en todos los aspectos. Sabemos que, en medio de tantas modas<\/p>\n<div class=\"more-link\">\n             <a href=\"https:\/\/saludenfit.com\/?page_id=14\" class=\"link-btn\"><span>Seguir leyendo <\/span><i class=\"icofont-thin-double-right\"><\/i><\/a>\n        <\/div>\n","protected":false},"author":1,"featured_media":0,"parent":0,"menu_order":0,"comment_status":"closed","ping_status":"closed","template":"","meta":{"footnotes":""},"class_list":["post-14","page","type-page","status-publish","hentry"],"yoast_head":"<!-- This site is optimized with the Yoast SEO plugin v26.9 - https:\/\/yoast.com\/product\/yoast-seo-wordpress\/ -->\n<title>Sobre Nosotros - SaludenFit<\/title>\n<meta name=\"robots\" content=\"index, follow, max-snippet:-1, max-image-preview:large, max-video-preview:-1\" \/>\n<link rel=\"canonical\" href=\"https:\/\/saludenfit.com\/?page_id=14\" \/>\n<meta property=\"og:locale\" content=\"es_ES\" \/>\n<meta property=\"og:type\" content=\"article\" \/>\n<meta property=\"og:title\" content=\"Sobre Nosotros - SaludenFit\" \/>\n<meta property=\"og:description\" content=\"En SaludEnFit creemos que la salud es un equilibrio entre tu mente y tu cuerpo. Nuestro objetivo es compartir informacion de alta evidencia y confiabilidad, asi como consejos f\u00e1ciles de poner en pr\u00e1ctica y rutinas \u00f3ptimas que te har\u00e1n sentir saludable y con mejor\u00eda en todos los aspectos. Sabemos que, en medio de tantas modas        Seguir leyendo\" \/>\n<meta property=\"og:url\" content=\"https:\/\/saludenfit.com\/?page_id=14\" \/>\n<meta property=\"og:site_name\" content=\"SaludenFit\" \/>\n<meta property=\"article:modified_time\" content=\"2025-10-04T14:57:29+00:00\" \/>\n<meta name=\"twitter:card\" content=\"summary_large_image\" \/>\n<meta name=\"twitter:label1\" content=\"Tiempo de lectura\" \/>\n\t<meta name=\"twitter:data1\" content=\"1 minuto\" \/>\n<script type=\"application\/ld+json\" class=\"yoast-schema-graph\">{\"@context\":\"https:\/\/schema.org\",\"@graph\":[{\"@type\":\"WebPage\",\"@id\":\"https:\/\/saludenfit.com\/?page_id=14\",\"url\":\"https:\/\/saludenfit.com\/?page_id=14\",\"name\":\"Sobre Nosotros - SaludenFit\",\"isPartOf\":{\"@id\":\"https:\/\/saludenfit.com\/#website\"},\"datePublished\":\"2025-10-04T14:57:15+00:00\",\"dateModified\":\"2025-10-04T14:57:29+00:00\",\"breadcrumb\":{\"@id\":\"https:\/\/saludenfit.com\/?page_id=14#breadcrumb\"},\"inLanguage\":\"es\",\"potentialAction\":[{\"@type\":\"ReadAction\",\"target\":[\"https:\/\/saludenfit.com\/?page_id=14\"]}]},{\"@type\":\"BreadcrumbList\",\"@id\":\"https:\/\/saludenfit.com\/?page_id=14#breadcrumb\",\"itemListElement\":[{\"@type\":\"ListItem\",\"position\":1,\"name\":\"Portada\",\"item\":\"https:\/\/saludenfit.com\/\"},{\"@type\":\"ListItem\",\"position\":2,\"name\":\"Sobre Nosotros\"}]},{\"@type\":\"WebSite\",\"@id\":\"https:\/\/saludenfit.com\/#website\",\"url\":\"https:\/\/saludenfit.com\/\",\"name\":\"SaludenFit\",\"description\":\"Consejos practicos de salud, nutricion y fitness\",\"potentialAction\":[{\"@type\":\"SearchAction\",\"target\":{\"@type\":\"EntryPoint\",\"urlTemplate\":\"https:\/\/saludenfit.com\/?s={search_term_string}\"},\"query-input\":{\"@type\":\"PropertyValueSpecification\",\"valueRequired\":true,\"valueName\":\"search_term_string\"}}],\"inLanguage\":\"es\"}]}<\/script>\n<!-- \/ Yoast SEO plugin. -->","yoast_head_json":{"title":"Sobre Nosotros - SaludenFit","robots":{"index":"index","follow":"follow","max-snippet":"max-snippet:-1","max-image-preview":"max-image-preview:large","max-video-preview":"max-video-preview:-1"},"canonical":"https:\/\/saludenfit.com\/?page_id=14","og_locale":"es_ES","og_type":"article","og_title":"Sobre Nosotros - SaludenFit","og_description":"En SaludEnFit creemos que la salud es un equilibrio entre tu mente y tu cuerpo. Nuestro objetivo es compartir informacion de alta evidencia y confiabilidad, asi como consejos f\u00e1ciles de poner en pr\u00e1ctica y rutinas \u00f3ptimas que te har\u00e1n sentir saludable y con mejor\u00eda en todos los aspectos. Sabemos que, en medio de tantas modas        Seguir leyendo","og_url":"https:\/\/saludenfit.com\/?page_id=14","og_site_name":"SaludenFit","article_modified_time":"2025-10-04T14:57:29+00:00","twitter_card":"summary_large_image","twitter_misc":{"Tiempo de lectura":"1 minuto"},"schema":{"@context":"https:\/\/schema.org","@graph":[{"@type":"WebPage","@id":"https:\/\/saludenfit.com\/?page_id=14","url":"https:\/\/saludenfit.com\/?page_id=14","name":"Sobre Nosotros - SaludenFit","isPartOf":{"@id":"https:\/\/saludenfit.com\/#website"},"datePublished":"2025-10-04T14:57:15+00:00","dateModified":"2025-10-04T14:57:29+00:00","breadcrumb":{"@id":"https:\/\/saludenfit.com\/?page_id=14#breadcrumb"},"inLanguage":"es","potentialAction":[{"@type":"ReadAction","target":["https:\/\/saludenfit.com\/?page_id=14"]}]},{"@type":"BreadcrumbList","@id":"https:\/\/saludenfit.com\/?page_id=14#breadcrumb","itemListElement":[{"@type":"ListItem","position":1,"name":"Portada","item":"https:\/\/saludenfit.com\/"},{"@type":"ListItem","position":2,"name":"Sobre Nosotros"}]},{"@type":"WebSite","@id":"https:\/\/saludenfit.com\/#website","url":"https:\/\/saludenfit.com\/","name":"SaludenFit","description":"Consejos practicos de salud, nutricion y fitness","potentialAction":[{"@type":"SearchAction","target":{"@type":"EntryPoint","urlTemplate":"https:\/\/saludenfit.com\/?s={search_term_string}"},"query-input":{"@type":"PropertyValueSpecification","valueRequired":true,"valueName":"search_term_string"}}],"inLanguage":"es"}]}},"_links":{"self":[{"href":"https:\/\/saludenfit.com\/index.php?rest_route=\/wp\/v2\/pages\/14","targetHints":{"allow":["GET"]}}],"collection":[{"href":"https:\/\/saludenfit.com\/index.php?rest_route=\/wp\/v2\/pages"}],"about":[{"href":"https:\/\/saludenfit.com\/index.php?rest_route=\/wp\/v2\/types\/page"}],"author":[{"embeddable":true,"href":"https:\/\/saludenfit.com\/index.php?rest_route=\/wp\/v2\/users\/1"}],"replies":[{"embeddable":true,"href":"https:\/\/saludenfit.com\/index.php?rest_route=%2Fwp%2Fv2%2Fcomments&post=14"}],"version-history":[{"count":4,"href":"https:\/\/saludenfit.com\/index.php?rest_route=\/wp\/v2\/pages\/14\/revisions"}],"predecessor-version":[{"id":18,"href":"https:\/\/saludenfit.com\/index.php?rest_route=\/wp\/v2\/pages\/14\/revisions\/18"}],"wp:attachment":[{"href":"https:\/\/saludenfit.com\/index.php?rest_route=%2Fwp%2Fv2%2Fmedia&parent=14"}],"curies":[{"name":"wp","href":"https:\/\/api.w.org\/{rel}","templated":true}]}}